{"id":1135,"date":"2025-09-18T11:22:53","date_gmt":"2025-09-18T11:22:53","guid":{"rendered":"https:\/\/www.merteretiket.com\/?post_type=product&#038;p=1135"},"modified":"2025-09-18T11:22:54","modified_gmt":"2025-09-18T11:22:54","slug":"tohumlu-tukenmez-kalem-ayr-527","status":"publish","type":"product","link":"https:\/\/www.merteretiket.com\/index.php\/urun\/tohumlu-tukenmez-kalem-ayr-527\/","title":{"rendered":"Tohumlu T\u00fckenmez Kalem (AYR-527)"},"content":{"rendered":"<p>Tohumlu<\/p>\n<p>Basmal\u0131<\/p>\n<p>Geri D\u00f6n\u00fc\u015f\u00fcm Ka\u011f\u0131t<\/p>\n<p>Bask\u0131: UV, Tampon<\/p>\n","protected":false},"excerpt":{"rendered":"<p>Tohumlu Basmal\u0131 Geri D\u00f6n\u00fc\u015f\u00fcm Ka\u011f\u0131t Bask\u0131: UV, Tampon<\/p>\n","protected":false},"featured_media":1137,"comment_status":"open","ping_status":"closed","template":"","meta":{"_joinchat":[]},"product_brand":[],"product_cat":[73,53],"product_tag":[],"class_list":{"0":"post-1135","1":"product","2":"type-product","3":"status-publish","4":"has-post-thumbnail","6":"product_cat-kalemler","7":"product_cat-promosyon-urunleri","9":"first","10":"instock","11":"shipping-taxable","12":"product-type-simple"},"_links":{"self":[{"href":"https:\/\/www.merteretiket.com\/index.php\/wp-json\/wp\/v2\/product\/1135"}],"collection":[{"href":"https:\/\/www.merteretiket.com\/index.php\/wp-json\/wp\/v2\/product"}],"about":[{"href":"https:\/\/www.merteretiket.com\/index.php\/wp-json\/wp\/v2\/types\/product"}],"replies":[{"embeddable":true,"href":"https:\/\/www.merteretiket.com\/index.php\/wp-json\/wp\/v2\/comments?post=1135"}],"wp:featuredmedia":[{"embeddable":true,"href":"https:\/\/www.merteretiket.com\/index.php\/wp-json\/wp\/v2\/media\/1137"}],"wp:attachment":[{"href":"https:\/\/www.merteretiket.com\/index.php\/wp-json\/wp\/v2\/media?parent=1135"}],"wp:term":[{"taxonomy":"product_brand","embeddable":true,"href":"https:\/\/www.merteretiket.com\/index.php\/wp-json\/wp\/v2\/product_brand?post=1135"},{"taxonomy":"product_cat","embeddable":true,"href":"https:\/\/www.merteretiket.com\/index.php\/wp-json\/wp\/v2\/product_cat?post=1135"},{"taxonomy":"product_tag","embeddable":true,"href":"https:\/\/www.merteretiket.com\/index.php\/wp-json\/wp\/v2\/product_tag?post=1135"}],"curies":[{"name":"wp","href":"https:\/\/api.w.org\/{rel}","templated":true}]}}